{"id":814,"date":"2025-06-09T11:10:14","date_gmt":"2025-06-09T09:10:14","guid":{"rendered":"https:\/\/testy.opinieo.pl\/?post_type=product&#038;p=814"},"modified":"2025-06-30T22:10:13","modified_gmt":"2025-06-30T20:10:13","slug":"szklany-prezenter-qr-nfc-opinieo-z-podstawka-metalowa-facebook","status":"publish","type":"product","link":"https:\/\/testy.opinieo.pl\/?product=szklany-prezenter-qr-nfc-opinieo-z-podstawka-metalowa-facebook","title":{"rendered":"Szklany prezenter QR \/ NFC Opinieo z podstawk\u0105 metalow\u0105 Facebook"},"content":{"rendered":"<p><b>Szklana tabliczka QR NFC Facebook Opinieo\u00ae<\/b><\/p>\n<p><b>&#x1f449; Elegancka tabliczka wykonana ze szk\u0142a z metalow\u0105 podp\u00f3rk\u0105<\/b><\/p>\n<p><b>&#x1f449; wysokiej klasy chip NFC<\/b><\/p>\n<p><b>&#x1f449; dzia\u0142a z Android i IOS<\/b><\/p>\n<p><b>&#x1f449; QR kod w cenie<\/b><\/p>\n<p><b>&#x1f449; Nadruk wykonany od spodu tabliczki<\/b><\/p>\n<p>&nbsp;<\/p>\n<p><b>O produkcie<\/b><\/p>\n<p><span style=\"font-weight: 400;\">Elegancka szklana tabliczka z funkcj\u0105 QR i NFC, stworzona z my\u015bl\u0105 o zdobywaniu nowych obserwuj\u0105cych i opinii na Facebooku! Grafika nawi\u0105zuj\u0105ca wizualnie do platformy przyci\u0105ga uwag\u0119 i z daleka informuje, dok\u0105d odsy\u0142a prezenter. Tabliczka posiada metalow\u0105 podp\u00f3rk\u0119, dzi\u0119ki kt\u00f3rej nie potrzebujesz dodatkowych akcesori\u00f3w, aby postawi\u0107 j\u0105 w kluczowym dla Ciebie miejscu. Podp\u00f3rk\u0119 w razie potrzeby mo\u017cna zdemontowa\u0107.<\/span><\/p>\n<p>&nbsp;<\/p>\n<p><b>Nowe prezentery szklane Opinieo!<\/b><\/p>\n<p><span style=\"font-weight: 400;\">Seri\u0119 szklanych prezenter\u00f3w Opinieo uzupe\u0142nili\u015bmy o projekty stworzone z my\u015bl\u0105 o Facebooku i Instagramie, a tak\u017ce grafiki nawi\u0105zuj\u0105ce do serii Opinieo Universal. Dzi\u0119ki temu masz jeszcze wi\u0119ksze mo\u017cliwo\u015bci rozwijania swojej firmy w Internecie!<\/span><\/p>\n<p>&nbsp;<\/p>\n<p><b>Jak to dzia\u0142a?<\/b><\/p>\n<p><span style=\"font-weight: 400;\">Skuteczno\u015b\u0107 prezenter\u00f3w Opinieo\u00ae tkwi w prostocie i skr\u00f3ceniu czasu przekierowania klienta do minimum. Wystarczy, \u017ce:<\/span><\/p>\n<ol>\n<li style=\"font-weight: 400;\" aria-level=\"1\"><span style=\"font-weight: 400;\">Klient przy\u0142o\u017cy telefon do prezentera<\/span><\/li>\n<li style=\"font-weight: 400;\" aria-level=\"1\"><span style=\"font-weight: 400;\">Na telefonie wy\u015bwietli si\u0119 profil Twojej firmy na Facebooku<\/span><\/li>\n<li style=\"font-weight: 400;\" aria-level=\"1\"><span style=\"font-weight: 400;\">Klient klika przycisk \u201eobserwuj\u201d, mo\u017ce r\u00f3wnie\u017c napisa\u0107 opini\u0119 o firmie- i gotowe!<\/span><\/li>\n<\/ol>\n<p><span style=\"font-weight: 400;\">Opinie zebrane w ten spos\u00f3b s\u0105 wiarygodne dla system\u00f3w platform internetowych. Dlaczego? Poniewa\u017c ka\u017cdy klient wystawia j\u0105 ze swojego w\u0142asnego adresu IP.<\/span><\/p>\n<p><span style=\"font-weight: 400;\">Uwaga! Po stronie klienta konieczne jest konto na Facebooku.<\/span><\/p>\n<p>&nbsp;<\/p>\n<p><span style=\"font-weight: 400;\">Dane techniczne<\/span><\/p>\n<p><span style=\"font-weight: 400;\">Materia\u0142: szk\u0142o<\/span><\/p>\n<p><span style=\"font-weight: 400;\">Typ nadruku: Sublimacja<\/span><\/p>\n<p><span style=\"font-weight: 400;\">Wymiary: 9,5 x 15 cm<\/span><\/p>\n","protected":false},"excerpt":{"rendered":"<p>Szklany prezenter z funkcj\u0105 QR \/ NFC i eleganck\u0105, metalow\u0105 podp\u00f3rk\u0105. Odsy\u0142aj klient\u00f3w do swojego profilu na Facebooku!<\/p>\n","protected":false},"featured_media":858,"comment_status":"closed","ping_status":"closed","template":"","meta":[],"product_brand":[],"product_cat":[29,42],"product_tag":[],"class_list":{"0":"post-814","1":"product","2":"type-product","3":"status-publish","4":"has-post-thumbnail","6":"product_cat-prezentery-nfc","7":"product_cat-prezentery-szklane","9":"first","10":"instock","11":"featured","12":"shipping-taxable","13":"purchasable","14":"product-type-simple"},"_links":{"self":[{"href":"https:\/\/testy.opinieo.pl\/index.php?rest_route=\/wp\/v2\/product\/814","targetHints":{"allow":["GET"]}}],"collection":[{"href":"https:\/\/testy.opinieo.pl\/index.php?rest_route=\/wp\/v2\/product"}],"about":[{"href":"https:\/\/testy.opinieo.pl\/index.php?rest_route=\/wp\/v2\/types\/product"}],"replies":[{"embeddable":true,"href":"https:\/\/testy.opinieo.pl\/index.php?rest_route=%2Fwp%2Fv2%2Fcomments&post=814"}],"version-history":[{"count":1,"href":"https:\/\/testy.opinieo.pl\/index.php?rest_route=\/wp\/v2\/product\/814\/revisions"}],"predecessor-version":[{"id":859,"href":"https:\/\/testy.opinieo.pl\/index.php?rest_route=\/wp\/v2\/product\/814\/revisions\/859"}],"wp:featuredmedia":[{"embeddable":true,"href":"https:\/\/testy.opinieo.pl\/index.php?rest_route=\/wp\/v2\/media\/858"}],"wp:attachment":[{"href":"https:\/\/testy.opinieo.pl\/index.php?rest_route=%2Fwp%2Fv2%2Fmedia&parent=814"}],"wp:term":[{"taxonomy":"product_brand","embeddable":true,"href":"https:\/\/testy.opinieo.pl\/index.php?rest_route=%2Fwp%2Fv2%2Fproduct_brand&post=814"},{"taxonomy":"product_cat","embeddable":true,"href":"https:\/\/testy.opinieo.pl\/index.php?rest_route=%2Fwp%2Fv2%2Fproduct_cat&post=814"},{"taxonomy":"product_tag","embeddable":true,"href":"https:\/\/testy.opinieo.pl\/index.php?rest_route=%2Fwp%2Fv2%2Fproduct_tag&post=814"}],"curies":[{"name":"wp","href":"https:\/\/api.w.org\/{rel}","templated":true}]}}